g - 408 = 0. Suppose -4*q - s = -30. Let t = 47 + q. Is t a prime number?
False
Suppose -4*k + 5*k = 4. Suppose 3*y + 754 = k*t + y, -4*t = -4*y - 744. Is t a prime number?
True
Suppose 5*u - 2*v = 319 + 399, 588 = 4*u - 5*v. Is u composite?
True
Suppose -5*o = 2*a + 4, 0*a = -4*a + 3*o - 8. Is 1555/10 + a/4 prime?
False
Let m = 651 - 398. Is m composite?
True
Let r be -2*(4/8)/(-1). Is r*-230*1/(-2) a composite number?
True
Let q = 118 - -141. Is q a composite number?
True
Suppose 2*x + x = 2*b + 2247, -2*b = -5*x + 3745. Is x prime?
False
Let a be (-5 - -21)/((-2)/(-3)). Let x = -17 + a. Is x prime?
True
Is (1146/(-9)*3)/(-2 - 0) a composite number?
False
Let u(k) be the third derivative of 1/3*k**3 + 0*k + 0 - 1/3*k**4 + 2*k**2. Is u(-3) a prime number?
False
Suppose 2*k = -4*d + 136, 7*k = 2*d + 2*k - 56. Is d a composite number?
True
Let r be -4*4*51/(-12). Let c = 181 - r. Is c a prime number?
True
Let t(j) = j**2 - 7*j - 8. Let w be t(8). Suppose w*v + 3*v + 3 = 3*u, 3*u = -5*v + 11. Suppose 0 = -u*m - 0*m + 154. Is m prime?
False
Suppose 0 = 7*o - 2*o - 60. Let a = -2 + o. Let y = a + 9. Is y composite?
False
Suppose 0 = -4*i + 2*s + 2*s, -3*i - 2*s = 0. Suppose i = -5*q + 1996 - 401. Is q a composite number?
True
Suppose 2*r = 5*m - 615, 2*m + 4*r - 252 = -6. Let n(p) = p**3 - 8*p**2 + p - 8. Let s be n(6). Let z = s + m. Is z composite?
True
Suppose h - 4 - 5 = 0. Suppose -5*k = -6 - h. Suppose -3*s + k*m = -0*m - 48, 0 = 5*s - 3*m - 90. Is s a composite number?
True
Let g(k) = 3*k**3 + 8*k**2 + 12*k + 4. Is g(9) a prime number?
False
Let s(r) = -r + 1. Let k(p) = 3*p - 2. Let w(j) = -2*k(j) - 5*s(j). Let u be w(-3). Suppose -o - o - 4*a + 166 = 0, -4*o - u*a = -350. Is o composite?
False
Let z be 3/12 + 1/(-4). Suppose -27 - 93 = -4*p. Suppose 3*i - p = -z*i. Is i composite?
True
Let b = -9 - -11. Is -3*1 - (b + -52) composite?
False
Let s be (-4)/2 + 5/5. Is ((-2)/6)/(s/21) a composite number?
False
Let b(n) = -n**2 - 6*n - 6. Let v be b(-6). Let m(p) = -p**3 - 7*p**2 - 10*p - 9. Is m(v) prime?
False
Let x(b) = -2*b - 4. Let t be x(-3). Is t*(-1 + 222/4) a prime number?
True
Let q(y) = -6*y - 9. Let p = 10 + -18. Let w be (2 + -2)/(-2) + p. Is q(w) prime?
False
Let a(v) = 21*v**2 - 8*v + 1. Let j = 7 + -1. Let g(y) = -43*y**2 + 17*y - 2. Let h(k) = j*g(k) + 13*a(k). Is h(1) a prime number?
False
Let j = 78 - -55. Is j a prime number?
False
Let l(h) = -h**2 + 5*h - 4. Let v be l(3). Let z be 5 + (v + -3 - -4). Is (-2)/z - 628/(-16) a prime number?
False
Is -415*(-6)/24*4 a composite number?
True
Let x = 7 + -8. Is (1 - -162)/(2 + x) a composite number?
False
Let o = 32 + -19. Is o prime?
True
Let p be -15*((-36)/5)/6. Suppose -4*f = -3*s - 2*s + 13, 2*f + 9 = 3*s. Is (p - (-1 + 2))*f a prime number?
False
Let p(q) = -q**3 - 6*q**2 - 5*q - 1. Let i be p(-5). Let n = 22 - i. Is n a composite number?
False
Is 16/(-32) + 119/2 a prime number?
True
Is (3/6 - 1)*-94 a composite number?
False
Suppose -3*n = 4*a - 163, 4*n - 3*a = a + 208. Is n prime?
True
Suppose -3*h - 2 = -2*k, 2*h - 5*k = -k - 12. Suppose -483 = -4*d + 3*d. Is d/6*(h + 0) prime?
False
Let n = -184 - -385. Is n composite?
True
Let i = 3 - 2. Let g(l) = 36*l**2 + 2*l - 1. Is g(i) a composite number?
False
Let d = 11 - 6. Suppose -5*m + d = l, 2*l - 4 = -2*l - 4*m. Is l - -1*(-2 + 163) prime?
False
Let r(o) be the second derivative of 19*o**4/6 + o**3/3 - o**2/2 + 2*o. Let g be 6/15 + 6/10. Is r(g) composite?
True
Let h = 18 - 13. Suppose 2*s = 4*s - h*q - 689, -4*s + 1408 = -4*q. Suppose r - s = -2*r. Is r a prime number?
False
Suppose 18 = -2*s - 2. Let n = s + 29. Is n prime?
True
Suppose 8*i - 11*i = -669. Is i prime?
True
Suppose 5*i + 5*m - 2*m + 95 = 0, 2*i - 5*m = -7. Let v = i - -59. Is v a prime number?
True
Let i be 0*(-2)/(-4) - 22. Suppose -552 = -8*s + 144. Let x = s + i. Is x a prime number?
False
Suppose 5*w - 2*f = 14, 8 = 3*f - 1. Suppose 2*x = c - 53, -c - c + 130 = w*x. Is c a composite number?
False
Suppose 6*j + 5*m = 7*j + 10, 2*m + 20 = -2*j. Is (-7 - j)*134/6 composite?
False
Let x(i) = i**2 + 4*i - 4. Suppose -2*b - 3 = 7. Let k be x(b). Let y = 2 + k. Is y a prime number?
True
Is ((-3134)/10)/((-3)/15) a prime number?
True
Let c(a) = a**3 + a + 53. Let k(n) be the first derivative of -n**2/2 - 8*n - 1. Let x be k(-8). Is c(x) a prime number?
True
Let b(n) = -n**3 - 7*n**2 - 2. Let o be b(-7). Is (-2 + 246 + o)/2 a composite number?
True
Suppose -917 - 1008 = -5*p. Let c(h) = -h**3 + h - 2. Let o be c(-2). Suppose -a + p = o*a. Is a composite?
True
Let f(s) = 2*s - 7. Suppose -2*h + 27 = h. Let j = h + -4. Is f(j) a prime number?
True
Let w = 9 - 5. Suppose -6 = -w*c + c. Suppose -52 = -4*t - c*j, -2*j = 4*t - 5*j - 52. Is t prime?
True
Suppose 0 = k - 8 - 57. Is k a prime number?
False
Suppose -2*x = -4*p - 16, -3*x - 2*p - 1 = -3*p. Let l be 1 - (-5 + (-4)/x). Is -1 + 28 - l/2 composite?
True
Suppose 9*b + 5*x + 8227 = 12*b, -x = 4*b - 10931. Is b prime?
False
Suppose 0 = 69*l - 74*l + 395. Is l a prime number?
True
Let x = -9 - -12. Suppose -8 = -x*g + 85. Is g a prime number?
True
Let k = 5 + -3. Let n = 4 - k. Suppose 0*c + n = c, 5*l - 5*c = 25. Is l composite?
False
Let d = 22 - 19. Suppose -3*y - 15 = -0*y, -d*m - 5*y + 344 = 0. Is m a composite number?
True
Is (1810/(-15) + -3)*-3 a composite number?
True
Let g = -8788 + 12624. Suppose 5*k - g = k. Is k composite?
True
Let c = -2 + 7. Suppose -500 = c*l - 140. Let q = -35 - l. Is q a composite number?
False
Let n(t) = -t - 4. Let g be n(-6). Suppose 2*j - 4*j = 4*o - 764, g*j = o + 744. Suppose 261 = 5*q - j. Is q a composite number?
False
Suppose 3*z + 3 = 9. Suppose -2*u - z = -6. Suppose 5*t + u = -4*j + 1, 4*t - 16 = j. Is t composite?
False
Let c be 2/6 - (-276)/(-18). Let r = 6 - c. Is r a composite number?
True
Let m(a) = 2*a - 12. Is m(11) prime?
False
Suppose -2*g = 3*o + 2*o - 3, 1 = 2*o + g. Suppose 7 = 5*a - 2*w, 5*a - w = -5*w + o. Is (-1 - a)*(-19)/2 composite?
False
Let k = 758 - 535. Is k prime?
True
Let y(v) be the second derivative of 1/20*v**5 - 13/6*v**3 + v + v**2 + 0 + 3/4*v**4. Is y(-9) composite?
True
Suppose f = 5*f + 84. Let h = -2 - f. Is h a prime number?
True
Suppose 5*l + k - 935 = 0, -4*l + 0*k - 3*k + 748 = 0. Is l composite?
True
Suppose 0 = -4*l + 4 + 4, 3*l + 224 = 5*u. Is u/(-10)*(3 + -8) a prime number?
True
Suppose -3*g + p + 14 = 0, -2*p = -2*g + 13 + 3. Suppose 2*x = -3*o - 179, g*o = 3*x + 4*o + 279. Let q = -27 - x. Is q a composite number?
False
Let p be (-1)/(-4) + (-1510)/(-8). Let y = -131 + p. Is y prime?
False
Let a(u) = 2*u**2 - 12*u + 10. Suppose q - 7 + 2 = m, -4*q = -m - 29. Let p be a(q). Suppose -k - k = -p. Is k a prime number?
False
Suppose -5*r = i - 4*i - 54016, -5*r = -2*i - 54019. Is r a prime number?
False
Suppose -3*b + 5*y + 4211 = 0, y + 7005 = 5*b - 4*y. Is b a prime number?
False
Let z = 475 + -276. Is z a composite number?
False
Let t be 3/3*(6 - 1). Suppose 3 = 4*x - t. Suppose 0 = -m - x*m + 345. Is m a composite number?
True
Suppose -7 - 8 = 5*q. Let j = 8 + q. Suppose -4*d - 27 = -j*z - d, z - d - 7 = 0. Is z a composite number?
False
Let x = 118 - 84. Let l be (-1)/2 - x/(-4). Suppose 3*v - 271 = -2*s, s = -3*s + l. Is v a composite number?
False
Let w(x) = 291*x**2 - 3*x - 3. Is w(-1) a composite number?
True
Suppose -73*f - 22962 = -79*f. Is f prime?
False
Let z = -19 - 5. Let y be (9/4)/(9/z). Is (-111)/y*(0 + 2) prime?
True
Let n = 17 - 17. Suppose -4*b + 3*b + 47 = n. Is b composite?
False
Suppose -a - 2*x + 223 = 0, -4*a + 1145 = a + 4*x. Is a a prime number?
True
Let t(u) = -2*u**3 + 5*u**2 - 8*u - 8. Is t(-5) a prime number?
False
Let y(d) = -d**3 + 14*d**2 + 17*d + 1. Is y(12) prime?
False
Let t(u) = 2*u**2 - 9*u - 8. Let g be t(7). Let f be (-6)/g - 904/(-18). Suppose 2*p - 60 = f. Is p a prime number?
False
Suppose 0*n = 3*n - 609. Is n a composite number?
True
Let b(t) = t**3 + 7*t**2 + 4*t - 2. Let z = -53 + 26. Let n be z/12*(-8)/(-3). Is b(n) a composite number?
True
Suppose 930 = 4*l - 242. Is l a prime number?
True
Is 7/4*584*(-3)/(-6) a prime number?
False
Let x = 14 - 12. Suppose 3*h = -x*h + 955. Is h a composite number?
False
Let r = -129 - -217. Suppose d - r = -21. Suppose -50 = -3*l + d. I